prime factors of i.
29, 1097
Let c(j) = -4 - j**3 - 254*j**2 - 25*j - 9 + 287*j**2. What are the prime factors of c(31)?
2, 3, 7
Suppose 0 = 3*u + w - 158 - 64, -3*w = -10*u + 721. Suppose -u*h + 15296 = -57*h. List the prime factors of h.
2, 239
Let r(u) be the first derivative of -u**4/2 + 5*u**3/3 - 4*u**2 + 15*u - 112. List the prime factors of r(-5).
2, 5, 43
Let i be 50/18 - 2/(-9). Let o = 3 + i. List the prime factors of (-48)/(-9)*9/o.
2
Let j be 96/(-15)*(13 - 18). Suppose 4*c - 72 = -2*s, 0 = -s - 0*s + 5*c + 15. Let l = j - s. List the prime factors of l.
2
Let o(k) = -11*k**3 - k**2 + 5*k + 5. Suppose 4*m = -m - 8*m. Suppose m = 2*j + 3*j - 5*x - 15, 0 = -3*j - 4*x - 26. List the prime factors of o(j).
79
Let u(l) = 30*l - 31. Let o be u(1). List the prime factors of (o*(6 + -5))/(4/(-5932)).
1483
Suppose -58*k + 13475888 = 160*k. List the prime factors of k.
2, 7727
Let t(b) = b**2 - 2*b - 63. Let h(o) = 2*o**2 - o - 65. Let u(y) = 6*h(y) - 7*t(y). What are the prime factors of u(-6)?
3, 61
Let x = 1231 + 2242. List the prime factors of x.
23, 151
Suppose 4*r - 48999 = -5*r - 7572. What are the prime factors of r?
4603
Let y(l) = -798*l + 2200. What are the prime factors of y(-12)?
2, 23
Let h = -55895 - -79335. What are the prime factors of h?
2, 5, 293
Let w = 4025 - -7153. What are the prime factors of w?
2, 3, 23
List the prime factors of (1*1939/2)/((-8)/(-832)*13).
2, 7, 277
Let m(k) = 131 + 2*k + 80 - 145. What are the prime factors of m(-5)?
2, 7
Suppose 37*f - 209247 = 73174. What are the prime factors of f?
17, 449
Suppose 20*d - 46*d + 2808 = 0. Suppose -4*i - 5*m = -m - 1620, -i - 3*m = -411. Suppose d = 5*k - i. List the prime factors of k.
2, 3, 17
Suppose 0 = -2*m + 8*h - 10*h + 4942, -4*h + 7418 = 3*m. List the prime factors of m.
2, 3, 137
Suppose s = -6*s + 5*s + 21788. What are the prime factors of s?
2, 13, 419
Let j = -58213 + 81501. What are the prime factors of j?
2, 41, 71
Let n be -7 + 4 + 3002 + 1. Suppose 3*h + h = n. Suppose -7*q + q = -h. List the prime factors of q.
5
Suppose -17*h = -77810 - 7122. List the prime factors of h.
2, 1249
Suppose -62*y + 44*y - 161380 = -23*y. What are the prime factors of y?
2, 8069
Let y = 87 + -49. Let n(v) = 23*v**2 + y - 7*v**2 - v**3 + 21*v + 3*v**2. What are the prime factors of n(20)?
2, 29
Let p = -85784 + 145879. List the prime factors of p.
5, 7, 17, 101
Suppose 0 = -f - f - 4*z - 16, z + 3 = 0. Let v(x) = -3*x - 6. Let y be v(f). Suppose l - 17 - 45 = y. What are the prime factors of l?
2, 31
Suppose 0 = 3*w - 2*p - 17, 4*w = -p - 4*p - 8. Suppose -3*u - 4 = -1, -2*l + w*u + 831 = 0. What are the prime factors of l?
2, 3, 23
Let s(t) = -15*t + 117. Let i be s(8). Let b(f) = -32*f**3 - 3*f**2 + 2*f + 15. List the prime factors of b(i).
2, 3, 47
Suppose -141*m + 11056 = -133*m. List the prime factors of m.
2, 691
Let p(h) = 7*h + 91. Let i be p(-13). Suppose i = -3*x + 1376 - 116. What are the prime factors of x?
2, 3, 5, 7
Let v(i) = 23*i**2 + i + 2. Let o(j) = j**2 + j + 1. Let f be o(-1). Suppose 5*x = 3*n - 9, x = n - f - 0. What are the prime factors of v(n)?
2, 23
Let q(g) = -133*g - 180. Let c be q(-18). Suppose -55*l + 52*l = -c. What are the prime factors of l?
2, 3, 41
Let b(g) = 0 - 1 - 12*g - 242*g + 90*g - 133*g. List the prime factors of b(-5).
2, 7, 53
Suppose -1731 = 10*b - 13851. Suppose 2452 = 8*w - b. List the prime factors of w.
2, 229
Suppose -2*w + 5*j - 1003 = 0, w - 5*j = -3*j - 501. Let n = 868 + w. List the prime factors of n.
3, 41
Suppose -2*o + o = 4*n - 1860, -o - 470 = -n. Suppose n = 3*s + u, -16 = 3*u - 7*u. Let q = s - 43. What are the prime factors of q?
3, 37
Suppose 4*g = -3*g + 455. Let z(d) = -d**2 - 12*d - 28. Let x be z(-5). List the prime factors of -1*2/7 + g/x.
3
Let a(k) = 19*k**3 - 4*k**2 + 2*k + 25. Let f be a(5). Suppose c + f = 15*c. What are the prime factors of c?
3, 5, 11
Suppose -2*t - 158600 = -4*z, 5*z - 91*t = -87*t + 198259. What are the prime factors of z?
41, 967
Let f(y) = 61*y**2 + 2*y - 3. Let h be -5*((-2)/8 - (-9)/(-60)). Let l be f(h). Let b = l - 132. List the prime factors of b.
113
Suppose 0 = 10*o - 5*o - 1040. Suppose -o*h = -209*h + 350. What are the prime factors of h?
2, 5, 7
List the prime factors of ((-4654)/5)/(42/(-105)).
13, 179
Suppose 2*a + 215 = 3*g + 2777, -a + 4*g + 1281 = 0. Let f = 2299 - a. What are the prime factors of f?
2, 509
Suppose -4*k = -3*q - 12993, 5*k - 16245 = 69*q - 64*q. List the prime factors of k.
2, 3, 541
Let y = 54 - 37. Let c = y - 44. Let d = 40 + c. List the prime factors of d.
13
Let d = -28616 + 73464. List the prime factors of d.
2, 2803
Suppose -5*m - 4*u = -10*m + 27, 0 = 3*m - 4*u - 21. Let b be 19691/21 - 5/m. Suppose 3*g = -2*c + b, -c - 1 = 2. What are the prime factors of g?
2, 157
Suppose -11*q + 40 = -3*q. Suppose 0 = 3*t + 3, t - 6 = -3*r + q. Suppose r*v - 225 - 251 = 0. List the prime factors of v.
7, 17
Suppose -3*n + 4 = -2. Suppose 2*y - 2*v = 16, n = -3*y - 4*v - 2. Suppose -y*w = -3*w - 99. What are the prime factors of w?
3, 11
Let v(f) = -24*f - 16*f - 16*f + 51*f + 214. What are the prime factors of v(-40)?
2, 3, 23
Let h be -31 + 30 - (7 + 0) - -3. What are the prime factors of ((-19)/h)/((-8 + 3)/(-575))?
19, 23
Suppose -16*c + 5*s = -15*c - 26380, -4*s = 3*c - 79083. Suppose 31*a + 6835 = c. What are the prime factors of a?
2, 3, 5, 7
Suppose -4*b + 4*w + 184 = 0, b + 3*w + 29 = 83. Let j = -130 + 133. Suppose t + o - b = 99, 5*t + j*o - 733 = 0. List the prime factors of t.
2, 73
Let w(b) = 34*b**2 - b + 1. Suppose 0 = 3*p - 2 - 1. Let v be w(p). Let u = 79 + v. List the prime factors of u.
113
Let l = 34917 - 19516. List the prime factors of l.
15401
Let g = -7457 - -21102. What are the prime factors of g?
5, 2729
What are the prime factors of (1 - -12736) + (-92 - -110)?
5, 2551
Suppose 5*b + 3 = -7. Let s be (-278)/(-16)*6 + b/8. What are the prime factors of (-3 - (2 + -2)) + s?
101
Let a(f) = 5*f - 4*f - 3336 + 3366. Let r be -1*1 - (-2 + 5). What are the prime factors of a(r)?
2, 13
Let o be 208/(-56) + 2/(-7). List the prime factors of 4*(-22)/o*7.
2, 7, 11
Let k(g) = -365*g - 44. Let r be k(-16). Suppose -2*y = -8, -10*y - r = -5*f - 9*y. What are the prime factors of f?
2, 5, 29
Let c(n) = 2*n**2 + 5*n - 2. Let k be 3/((-78)/(-4)) + 160/(-26). Let l be c(k). Suppose 27 = q - l. List the prime factors of q.
67
Suppose 0 = c - 5, 3*c - 65 = 2*f + 4*c. Suppose -46*j - 454 - 4238 = 0. Let p = f - j. List the prime factors of p.
67
Suppose -2*z - 5 = 21. Let l(u) = u**3 - 25*u**2 + 25*u - 8. Let d be l(24). Let i = z + d. What are the prime factors of i?
3
Let r = 15805 + 21989. What are the prime factors of r?
2, 3, 6299
Let a(x) = -x**3 + 7*x**2 - 5*x - 11. Let s be a(5). Let r = s + -9. Suppose -r*d - 35 = -190. List the prime factors of d.
31
Let c(s) be the second derivative of -s**3/3 + 15*s**2 - 35*s. Let z be c(14). Suppose 0 = -a - z*a + 384. List the prime factors of a.
2
Suppose 4*w + 2*k = 16, 5*w = 6*w - 3*k + 10. List the prime factors of 4071*w/54 + 2/9.
151
Let p(k) = -3*k**3 - 4*k**2 - 6*k - 20. Let g be p(-4). Let s = -8 - -13. Suppose 5*m + q - 264 = g, -5*q + s = 0. What are the prime factors of m?
79
Suppose 2*t = g - 0 - 11, 23 = -3*t - 5*g. What are the prime factors of (t + 2594 - -6)/2?
1297
Let p be (37/4)/(2/24). Suppose -l = 2*l - 3*r - p, 0 = -2*l + 4*r + 74. List the prime factors of l.
37
Suppose 5*i - y = -25089 + 137929, 0 = i + 3*y - 22568. What are the prime factors of i?
2, 7, 13, 31
Suppose -2*p - 2 = 0, 4*l + p - 1851 = -4*p. Let w = -252 + l. What are the prime factors of w?
2, 53
Suppose -3314*v + 3313*v + 381 = 0. What are the prime factors of v?
3, 127
Suppose 2*w - 8 = -0*w. Suppose -8*k + w*k + 72 = 0. Suppose 7*b - k = 5*b. What are the prime factors of b?
3
Let k(u) = 13*u**2 - 39*u - 707. List the prime factors of k(-37).
43, 431
Let a = 789 + -240. Suppose 1447 = 4*x - a. What are the prime factors of x/6 + 1/(-6)?
83
Let z = 252 + -245. Suppose 0 = 2*m - 2*l - 1384, z*m = 4*m - 2*l + 2061. List the prime factors of m.
13, 53
Let g = -8150 - -13803. List the prime factors of g.
5653
Let o(s) = 240*s. Let q be ((-93)/(-124))/((-2)/(-8)). List the prime factors of o(q).
2, 3